{"id":42240,"date":"2025-06-11T21:35:35","date_gmt":"2025-06-11T21:35:35","guid":{"rendered":"https:\/\/solidpro.pl\/?page_id=42240"},"modified":"2025-07-10T20:42:31","modified_gmt":"2025-07-10T20:42:31","slug":"kontakt","status":"publish","type":"page","link":"https:\/\/solidpro.pl\/index.php\/kontakt\/","title":{"rendered":"Kontakt"},"content":{"rendered":"\n<details class=\"wp-block-details is-layout-flow wp-block-details-is-layout-flow\"><summary>Solidpro<br> ul. \u015awi\u0119tego Wincentego 25b<br> 50-252 Wroc\u0142aw<br> telefon: 574 429 626<br> e-mail: biuro@solidpro.pl<\/summary>\n<p><\/p>\n<\/details>\n\n\n\n<iframe src=\"https:\/\/www.google.com\/maps\/embed?pb=!1m18!1m12!1m3!1d5008.520594298894!2d17.028833793107857!3d51.12210656588776!2m3!1f0!2f0!3f0!3m2!1i1024!2i768!4f13.1!3m3!1m2!1s0x470fe9e7e4ae98eb%3A0x61b93494b4d94ad7!2s%C5%9Awi%C4%99tego%20Wincentego%2025b%2C%2050-252%20Wroc%C5%82aw!5e0!3m2!1spl!2spl!4v1750710663060!5m2!1spl!2spl\" width=\"1400\" height=\"300\" style=\"border:0;\" allowfullscreen=\"\" loading=\"lazy\" referrerpolicy=\"no-referrer-when-downgrade\"><\/iframe>\n\n\n\n<figure>\n\n<\/figure>\n\n\n\n<p><\/p>\n","protected":false},"excerpt":{"rendered":"","protected":false},"author":1,"featured_media":0,"parent":0,"menu_order":0,"comment_status":"closed","ping_status":"closed","template":"","meta":{"footnotes":""},"class_list":["post-42240","page","type-page","status-publish","hentry"],"_links":{"self":[{"href":"https:\/\/solidpro.pl\/index.php\/wp-json\/wp\/v2\/pages\/42240","targetHints":{"allow":["GET"]}}],"collection":[{"href":"https:\/\/solidpro.pl\/index.php\/wp-json\/wp\/v2\/pages"}],"about":[{"href":"https:\/\/solidpro.pl\/index.php\/wp-json\/wp\/v2\/types\/page"}],"author":[{"embeddable":true,"href":"https:\/\/solidpro.pl\/index.php\/wp-json\/wp\/v2\/users\/1"}],"replies":[{"embeddable":true,"href":"https:\/\/solidpro.pl\/index.php\/wp-json\/wp\/v2\/comments?post=42240"}],"version-history":[{"count":16,"href":"https:\/\/solidpro.pl\/index.php\/wp-json\/wp\/v2\/pages\/42240\/revisions"}],"predecessor-version":[{"id":42644,"href":"https:\/\/solidpro.pl\/index.php\/wp-json\/wp\/v2\/pages\/42240\/revisions\/42644"}],"wp:attachment":[{"href":"https:\/\/solidpro.pl\/index.php\/wp-json\/wp\/v2\/media?parent=42240"}],"curies":[{"name":"wp","href":"https:\/\/api.w.org\/{rel}","templated":true}]}}